n factor of 61064609 and 2162.
1081
Calculate the highest common divisor of 84 and 543747012.
12
What is the greatest common factor of 169619478 and 5293?
5293
Calculate the greatest common divisor of 2100 and 3813720.
60
Calculate the highest common divisor of 7261 and 92697.
53
What is the highest common divisor of 41211984 and 42720?
4272
What is the highest common divisor of 146209401 and 123660?
6183
Calculate the highest common divisor of 4174323534 and 18.
18
Calculate the highest common divisor of 146422485 and 2277.
2277
Calculate the highest common divisor of 984508 and 1176.
196
Calculate the highest common divisor of 250 and 716127500.
250
Calculate the highest common divisor of 8744 and 46888.
8
What is the greatest common divisor of 459 and 27676374?
51
Calculate the greatest common factor of 994 and 670397833.
497
What is the greatest common divisor of 1728 and 72960336?
144
Calculate the highest common divisor of 44 and 11752907.
1
What is the highest common factor of 1694 and 146762?
154
What is the highest common divisor of 16649469 and 9?
9
What is the highest common divisor of 42381169 and 370?
37
Calculate the greatest common divisor of 1915273 and 121086.
961
Calculate the highest common factor of 25664 and 29438212.
1604
What is the highest common factor of 13837743 and 1242?
621
Calculate the greatest common divisor of 3143 and 28955561.
449
What is the greatest common factor of 5346 and 15485580?
1782
Calculate the highest common factor of 14544 and 76554768.
4848
Calculate the greatest common divisor of 334657665 and 17.
17
Calculate the highest common factor of 1527 and 475406.
509
What is the greatest common factor of 616 and 196991960?
88
What is the greatest common divisor of 5684796 and 312?
156
Calculate the highest common divisor of 596274 and 483.
21
What is the highest common factor of 324980086 and 906?
302
Calculate the highest common factor of 306 and 3978549.
9
Calculate the highest common factor of 300 and 3248325.
75
Calculate the highest common factor of 1695493312 and 128.
64
Calculate the highest common factor of 170407 and 6448.
31
What is the greatest common divisor of 14195902 and 14?
14
Calculate the highest common factor of 50 and 1100757550.
50
Calculate the greatest common factor of 574769 and 537358.
3401
What is the greatest common factor of 6493 and 1308113?
151
What is the highest common divisor of 258127671 and 1227?
1227
What is the highest common divisor of 2045925 and 459?
27
What is the greatest common divisor of 55200 and 84801?
69
Calculate the greatest common factor of 5460450 and 15.
15
Calculate the greatest common divisor of 16 and 1765728.
16
Calculate the highest common factor of 11403135 and 646.
19
Calculate the highest common divisor of 111636 and 372015.
63
What is the highest common factor of 6186096 and 78064?
1904
Calculate the greatest common divisor of 6890 and 8500564.
106
Calculate the highest common factor of 623967048 and 306.
306
What is the highest common factor of 324285159 and 2211?
2211
Calculate the highest common factor of 11509 and 11101.
17
Calculate the greatest common divisor of 24277835 and 20.
5
What is the greatest common factor of 479955 and 23240?
35
What is the highest common factor of 86349 and 1310108?
107
What is the highest common factor of 8780180 and 95?
5
What is the greatest common factor of 1684 and 3937192?
1684
What is the greatest common factor of 2628402 and 294?
42
Calculate the greatest common factor of 146 and 9779299.
73
Calculate the highest common factor of 1345150 and 7120.
10
What is the greatest common divisor of 4860 and 67740?
60
Calculate the greatest common divisor of 192632 and 136.
8
What is the highest common factor of 73113853 and 447?
149
Calculate the highest common divisor of 146883228 and 173.
173
What is the highest common divisor of 483833 and 49?
7
Calculate the greatest common factor of 52379 and 1.
1
What is the greatest common divisor of 29003 and 109457?
23
What is the highest common divisor of 132396 and 57152436?
2244
What is the greatest common factor of 2278 and 51346?
2
Calculate the greatest common divisor of 137638589 and 121.
121
Calculate the highest common factor of 46530598 and 170.
34
Calculate the greatest common divisor of 67570 and 187565.
1165
What is the greatest common factor of 76265296 and 2144?
1072
What is the highest common factor of 141 and 5356731?
141
Calculate the highest common divisor of 126504006 and 16014.
942
Calculate the greatest common factor of 319423 and 299.
13
What is the highest common factor of 36521115 and 705?
705
Calculate the highest common factor of 78 and 11136.
6
Calculate the highest common factor of 70695 and 65.
5
What is the greatest common divisor of 229110 and 6090?
210
Calculate the greatest common divisor of 1429 and 749580521.
1429
What is the highest common divisor of 2710858 and 6?
2
What is the greatest common divisor of 2758 and 17252078?
394
What is the greatest common factor of 268 and 68517684?
268
Calculate the greatest common factor of 1237842 and 18961.
283
What is the greatest common divisor of 1213090 and 240?
10
Calculate the highest common factor of 168148 and 369316.
508
Calculate the highest common divisor of 786611124 and 234.
234
What is the greatest common divisor of 11664512 and 8192?
128
What is the highest common divisor of 612689 and 339669?
803
What is the greatest common factor of 217713100 and 1100?
1100
What is the greatest common factor of 1463296 and 25600?
1024
Calculate the highest common factor of 785 and 47403795.
785
What is the greatest common factor of 11002 and 781197010?
11002
What is the highest common factor of 675212 and 40?
4
What is the greatest common divisor of 15386 and 675253075?
7693
What is the greatest common factor of 7 and 332397016?
7
What is the greatest common divisor of 6157962 and 11268?
5634
What is the highest common divisor of 1103 and 114516769?
1103
Calculate the highest common divisor of 53180947 and 17.
17
What is the highest common divisor of 1345950757 and 97?
97
Calculate the greatest common factor of 20268676 and 16148.
1468
What is the greatest common factor of 25754 and 6162?
158
Calculate the greatest common divisor of 16019263 and 12857.
559
What is the greatest common divisor of 13696 and 45249551?
107
What is the greatest common factor of 19481687 and 848?
53
What is the greatest common divisor of 1989 and 447174?
117
Calculate the highest common divisor of 182 and 26046709.
13
Calculate the highest common divisor of 6759284 and 1249964.
5924
What is the highest common factor of 18 and 4121136?
18
Calculate the highest common factor of 370 and 343138.
74
What is the highest common factor of 356 and 22509346?
178
What is the highest common divisor of 21700 and 9542330?
70
What is the greatest common factor of 2345151 and 6?
3
What is the highest common factor of 13811071 and 1214?
607
What is the highest common divisor of 3332664 and 9396?
324
What is the greatest common divisor of 2216236 and 836?
836
Calculate the greatest common factor of 1416 and 987719.
59
What is the highest common divisor of 10705 and 1175409?
2141
What is the greatest common factor of 48012 and 29124?
12
What is the highest common divisor of 348108 and 768?
12
Calculate the greatest common factor of 25427 and 102413.
47
Calculate the highest common factor of 3422640 and 832.
208
What is the highest common factor of 61 and 22835045?
61
What is the greatest common divisor of 11712 and 8378472?
1464
What is the highest common divisor of 1890450 and 160920?
90
What is the highest common divisor of 1711126 and 1394530?
7538
What is the greatest common factor of 47229 and 839013?
21
What is the highest common divisor of 191 and 89407?
1
What is the greatest common divisor of 3969 and 877758?
21
What is the highest common factor of 62 and 1165165876?
62
Calculate the highest common divisor of 1101366236 and 5776.
1444
What is the highest common divisor of 55273 and 42346?
31
Calculate the highest common divisor of 99519972 and 1632.
204
Calculate the greatest common divisor of 882 and 126726054.
294
What is the highest common factor of 5586 and 1923656406?
5586
Calculate the greatest common factor of 10467 